.
2, 7, 167, 1629581
List the prime factors of 331151145.
3, 5, 13, 29, 31, 1889
List the prime factors of 457334216.
2, 307, 186211
List the prime factors of 629207518.
2, 47, 6693697
List the prime factors of 1920479437.
809, 2373893
What are the prime factors of 484820863?
61, 883, 9001
What are the prime factors of 424197045?
3, 5, 37, 254773
What are the prime factors of 34318508?
2, 7, 83, 14767
What are the prime factors of 2581756832?
2, 83, 972047
What are the prime factors of 102613901?
13, 1373, 5749
List the prime factors of 47468092.
2, 7, 1695289
What are the prime factors of 79816462?
2, 11, 17, 101, 2113
List the prime factors of 1610200548.
2, 3, 11, 67, 60689
What are the prime factors of 277518331?
1489, 186379
List the prime factors of 40184033.
263, 152791
List the prime factors of 459018141.
3, 4363, 35069
List the prime factors of 3553886932.
2, 888471733
List the prime factors of 2409802499.
13, 61, 3038843
List the prime factors of 155463133.
7, 3172717
What are the prime factors of 4140368066?
2, 317, 379, 17231
List the prime factors of 1325090142.
2, 3, 73616119
List the prime factors of 1647398198.
2, 43, 19155793
What are the prime factors of 141783217?
977, 145121
What are the prime factors of 520814860?
2, 5, 26040743
What are the prime factors of 484824009?
3, 161608003
List the prime factors of 1099613585.
5, 7, 311, 101021
What are the prime factors of 259154766?
2, 3, 13, 17, 65147
List the prime factors of 378544748.
2, 94636187
List the prime factors of 8932947.
3, 23, 37, 3499
List the prime factors of 89771080.
2, 5, 7, 320611
What are the prime factors of 72317291?
709, 101999
List the prime factors of 13214998.
2, 743, 8893
What are the prime factors of 285973189?
285973189
What are the prime factors of 846263696?
2, 97, 293, 1861
What are the prime factors of 2040990358?
2, 11, 92772289
What are the prime factors of 22091951?
7, 3155993
List the prime factors of 1684994454.
2, 3, 11, 13, 83, 239
List the prime factors of 257622025.
5, 59, 174659
List the prime factors of 100342752.
2, 3, 1045237
List the prime factors of 5181331423.
89, 1193, 48799
List the prime factors of 167259585.
3, 5, 11150639
What are the prime factors of 101171511?
3, 7, 109, 1637
What are the prime factors of 8779382?
2, 4389691
What are the prime factors of 41019860?
2, 5, 7, 19, 2203
List the prime factors of 1035081745.
5, 241, 858989
What are the prime factors of 195710809?
7, 27958687
What are the prime factors of 2850698852?
2, 15077, 47269
List the prime factors of 48463281.
3, 19, 283411
What are the prime factors of 353520494?
2, 53, 3335099
List the prime factors of 3179649002.
2, 173, 9189737
List the prime factors of 4953523890.
2, 3, 5, 7, 43, 421, 1303
List the prime factors of 295506939.
3, 7, 13, 1082443
List the prime factors of 60870405.
3, 5, 47, 86341
What are the prime factors of 447393938?
2, 8693, 25733
List the prime factors of 32723620.
2, 5, 1636181
What are the prime factors of 13827866?
2, 13, 531841
What are the prime factors of 43077010?
2, 5, 4307701
List the prime factors of 2207600643.
3, 735866881
What are the prime factors of 180266334?
2, 3, 17, 1767317
What are the prime factors of 67702219?
13, 101, 51563
List the prime factors of 83429896.
2, 11, 948067
What are the prime factors of 53599773?
3, 17866591
List the prime factors of 122169742.
2, 103, 277, 2141
What are the prime factors of 41118576?
2, 3, 856637
What are the prime factors of 76434610?
2, 5, 7, 389, 401
List the prime factors of 95531313.
3, 17, 1873163
What are the prime factors of 84149282?
2, 7, 6010663
List the prime factors of 185013085.
5, 59, 627163
List the prime factors of 205222174.
2, 102611087
List the prime factors of 68565176.
2, 8570647
What are the prime factors of 263029808?
2, 16439363
What are the prime factors of 56019177?
3, 6224353
What are the prime factors of 6857396305?
5, 19, 317, 227707
What are the prime factors of 425185160?
2, 5, 10629629
List the prime factors of 84377677.
84377677
List the prime factors of 2335252973.
863, 2705971
List the prime factors of 492233065.
5, 197, 499729
What are the prime factors of 225447475?
5, 11, 37, 22157
What are the prime factors of 4670500790?
2, 5, 467050079
What are the prime factors of 43004685?
3, 5, 1471, 1949
What are the prime factors of 4944213188?
2, 31, 39872687
What are the prime factors of 1012775834?
2, 7, 47, 53, 113, 257
List the prime factors of 281859184.
2, 17, 1036247
List the prime factors of 1786981885.
5, 13, 29, 61, 15541
List the prime factors of 67424527.
67424527
List the prime factors of 282640958.
2, 141320479
List the prime factors of 716123287.
11, 107, 608431
List the prime factors of 27290422.
2, 19, 718169
What are the prime factors of 79396656?
2, 3, 709, 2333
What are the prime factors of 20224725?
3, 5, 269663
List the prime factors of 54851291.
11, 4986481
What are the prime factors of 90679742?
2, 19, 2386309
What are the prime factors of 610980985?
5, 122196197
What are the prime factors of 75078913?
7, 13, 41, 20123
List the prime factors of 282464858.
2, 13, 251, 43283
List the prime factors of 161913300.
2, 3, 5, 539711
List the prime factors of 1039725830.
2, 5, 11, 13, 227, 3203
List the prime factors of 665861796.
2, 3, 457, 1499
List the prime factors of 10333251.
3, 29, 53, 83
List the prime factors of 338038451.
10151, 33301
What are the prime factors of 263351013?
3, 87783671
What are the prime factors of 29932248?
2, 3, 1247177
List the prime factors of 15505628.
2, 43, 90149
List the prime factors of 311773702.
2, 1951, 79901
List the prime factors of 5224594883.
653, 8000911
What are the prime factors of 1448713676?
2, 29, 12488911
What are the prime factors of 50053865?
5, 17, 23, 25603
List the prime factors of 176389262.
2, 7, 97, 193, 673
What are the prime factors of 114443146?
2, 37, 419, 3691
List the prime factors of 195842569.
13, 15064813
What are the prime factors of 120781648?
2, 13, 23, 25247
What are the prime factors of 50103898?
2, 13, 1927073
List the prime factors of 1138612105.
5, 12589, 18089
What are the prime factors of 30555241?
29, 43, 107, 229
List the prime factors of 456523717.
13, 163, 215443
What are the prime factors of 52933482?
2, 3, 7, 61, 71, 97
List the prime factors of 7304076.
2, 3, 13, 15607
List the prime factors of 1221204456.
2, 3, 16961173
What are the prime factors of 106759434?
2, 3, 71, 73, 3433
What are the prime factors of 307578258?
2, 3, 13, 1314437
What are the prime factors of 140236126?
2, 31, 107, 21139
What are the prime factors of 624731727?
3, 23, 643, 14081
What are the prime factors of 917709948?
2, 3, 25491943
What are the prime factors of 40619740?
2, 5, 7, 290141
List the prime factors of 1601665767.
3, 13, 137, 99923
What are the prime factors of 1295366646?
2, 3, 7, 17, 259177
List the prime factors of 272875992.
2, 3, 41, 67, 4139
List the prime factors of 189154807.
43, 4398949
List the prime factors of 88227515.
5, 509, 34667
What are the prime factors of 56124788?
2, 617, 22741
List the prime factors of 170289439.
1061, 160499
What are the prime factors of 121657997?
67, 83, 131, 167
List the prime factors of 489175632.
2, 3, 11, 311, 331
List the prime factors of 294191989.
7, 13, 248683
List the prime factors of 782098204.
2, 229, 853819
List the prime factors of 3988614.
2, 3, 7, 23, 4129
What are the prime factors of 2028794067?
3, 181, 415141
List the prime factors of 701044039.
73, 9603343
List the prime factors of 299231092.
2, 1217, 61469
List the prime factors of 63879511.
63879511
What are the prime factors of 855381901?
11, 79, 984329
List the prime factors of 343161252.
2, 3, 7, 17, 26701
List the prime factors of 2842189152.
2, 3, 11, 2691467
What are the prime factors of 397826601?
3, 132608867
What are the prime factors of 117155599?
11, 53, 103, 1951
List the prime factors of 1321069234.
2, 281, 2350657
List the prime factors of 129235358.
2, 7, 101, 91397
List the prime factors of 14376581.
14376581
List the prime factors of 38154173.
6143, 6211
What are the prime factors of 946131086?
2, 473065543
What are the prime factors of 34998936?
2, 3, 7, 29761
List the prime factors of 1007788838.
2, 7, 23, 271, 11549
List th